5*y + 731. Calculate c(-7).
1361
Let y(u) = -5322*u - 52976. Calculate y(-10).
244
Let p(f) = 464413*f - 29258025. What is p(63)?
-6
Let q(y) = -4615059*y + 4615055. Give q(1).
-4
Let v(t) = -9*t**2 + 223*t - 1367. Determine v(13).
11
Let d(t) = -1609*t + 83658. Determine d(52).
-10
Let x(b) = -3*b**2 - 460*b - 10549. What is x(-27)?
-316
Let i(v) = 81*v**2 - 2*v - 38. Give i(0).
-38
Let w(m) = m**3 - 24*m**2 - 2415*m + 12472. Calculate w(5).
-78
Let b(l) = -963*l + 294690. Calculate b(306).
12
Let d(g) = -9*g**2 + 680*g + 94. Give d(74).
1130
Let d(x) = -25398*x - 1015905. Calculate d(-40).
15
Let f(l) = -225052*l + 675111. Determine f(3).
-45
Let h(m) = -8*m**3 + 8*m**2 - 449*m + 4226. Give h(9).
-4999
Let m(s) = 7*s**3 - 7*s**2 - 16*s - 43. Calculate m(-3).
-247
Let f(l) = -l**3 + 14*l**2 - 49*l + 191. Determine f(8).
183
Let p(v) = 83*v**2 + 19*v - 269. Give p(2).
101
Let k(i) = 8*i**3 - 384*i**2 - 29*i + 1399. Give k(48).
7
Let g(q) = -q**3 - 49*q**2 - 341*q - 471. Give g(-41).
62
Let r(s) = 14*s**2 + 2005*s - 1483. Give r(-144).
101
Let t(y) = -252659*y - 2779300. Give t(-11).
-51
Let x(f) = 248483*f + 14908984. Give x(-60).
4
Let f(r) = -r**2 - 71*r + 1386. Calculate f(-87).
-6
Let r(v) = -v**3 + 5*v**2 + 1338*v - 6709. Give r(5).
-19
Let j(v) = -44923*v - 1212822. What is j(-27)?
99
Let j(n) = 321*n**2 + 7385*n + 102. Calculate j(-23).
56
Let s(f) = 6*f**3 + 759*f**2 - 770*f + 2. Calculate s(1).
-3
Let y(g) = g**3 + 111*g**2 - 334*g + 826. Give y(-114).
-86
Let w(d) = 131*d - 1525. Determine w(10).
-215
Let m(y) = -649*y + 7576. Determine m(12).
-212
Let y(x) = 23801*x + 1237624. What is y(-52)?
-28
Let h(a) = 11502*a + 759203. What is h(-66)?
71
Let u(b) = 8*b**3 + 34*b**2 + 6*b - 62. What is u(-7)?
-1182
Let c(y) = -3*y**2 + 2792*y + 22519. What is c(-8)?
-9
Let u(o) = 11*o**2 + 172*o - 1491. What is u(-16)?
-1427
Let l(c) = 81852*c + 409251. Calculate l(-5).
-9
Let a(u) = 70779*u + 70719. Determine a(-1).
-60
Let a(s) = 7*s**2 + 870*s - 32024. What is a(-154)?
8
Let z(n) = -1482*n - 19207. Give z(-13).
59
Let r(j) = 37*j**2 - 306*j + 163. Give r(8).
83
Let w(p) = p**2 - 151967*p - 1519764. What is w(-10)?
6
Let j(b) = -56*b**3 - 1567*b**2 - 67*b - 2654. What is j(-28)?
6
Let w(g) = 5028*g - 487667. What is w(97)?
49
Let x(f) = 8*f**2 - 465*f - 2340. Determine x(-5).
185
Let l(k) = -k**2 - 478*k + 151714. Give l(218).
-14
Let a(m) = 9*m**3 - 103*m**2 - 17*m + 39. Calculate a(13).
2184
Let w(n) = -5476*n + 4408124. Determine w(805).
-56
Let a(z) = 2*z**3 - 34*z**2 + 294*z - 3468. Determine a(15).
42
Let u(a) = -11*a**2 - 14*a + 92. Determine u(3).
-49
Let w(a) = 3*a**2 - 7272*a - 21819. Give w(-3).
24
Let c(d) = 3*d**2 - 12*d - 147. What is c(-21)?
1428
Let i(r) = 4*r**3 - 1014*r**2 + 565*r - 14799. Determine i(253).
128
Let p(v) = -26*v**2 - 3186*v + 28630. Give p(9).
-2150
Let x(l) = 18326*l + 403156. Give x(-22).
-16
Let c(s) = 3*s**2 + 2077*s + 25251. Give c(-12).
759
Let y(r) = 22124*r - 67560. What is y(3)?
-1188
Let m(l) = l**2 + 35*l - 62273. Calculate m(232).
-329
Let z(c) = 251*c - 49857. Determine z(199).
92
Let d(c) = -86*c**2 + 370*c + 52. What is d(4)?
156
Let q(n) = 7520*n - 5000799. Determine q(665).
1
Let l(k) = k**2 + 1158*k - 30837. Calculate l(26).
-53
Let u(q) = -583*q**2 + 7578*q + 45. Calculate u(13).
32
Let i(f) = f**3 - 54*f**2 - 305*f + 243. Determine i(59).
-347
Let z(w) = 940*w - 135662. Determine z(144).
-302
Let q(m) = -54*m**3 - 593*m**2 + 4*m - 60. Calculate q(-11).
17
Let r(u) = u**2 + 804607*u - 1609221. Give r(2).
-3
Let m(f) = -486708*f - 973424. Calculate m(-2).
-8
Let s(v) = -v**2 + 506*v - 57979. What is s(175)?
-54
Let d(z) = -2919*z + 204446. Calculate d(70).
116
Let p(j) = 354*j - 100209. What is p(283)?
-27
Let h(s) = -6*s**2 - 8*s - 129. Give h(12).
-1089
Let i(b) = -423*b - 7694. What is i(-36)?
7534
Let l(b) = 14*b**2 + 8608*b - 151695. Determine l(-632).
-15
Let g(n) = 29*n**2 + 3001*n + 61930. Give g(-75).
-20
Let j(d) = -d**3 + 63*d**2 + 80*d + 162. Calculate j(64).
1186
Let j(q) = 68*q**3 + 1760*q**2 - 179*q + 733. Calculate j(-26).
-21
Let b(u) = u**2 + 92*u + 899. Calculate b(-12).
-61
Let w(q) = -563*q + 326. Determine w(3).
-1363
Let g(z) = -18881*z + 12121587. What is g(642)?
-15
Let r(h) = h**3 + 34*h**2 + 94*h + 2947. Determine r(-33).
934
Let j(a) = 289334*a + 3761329. What is j(-13)?
-13
Let u(q) = 13*q**2 + 7660*q - 132117. Calculate u(-606).
-9
Let o(u) = -u**3 + 90*u**2 + 312*u + 6379. What is o(94)?
363
Let a(p) = -263*p**2 + 428*p - 1. Calculate a(1).
164
Let r(a) = 10*a**3 - 2*a**2 - 25*a + 10. Calculate r(-3).
-203
Let u(q) = 5*q**2 - 36*q - 379705. What is u(-272)?
7
Let v(z) = -1861*z - 8140. What is v(-5)?
1165
Let s(p) = 14994*p - 89711. What is s(6)?
253
Let i(b) = -1800*b + 19888. Give i(11).
88
Let d(i) = -12*i**3 + 54*i**2 - 4*i - 33. What is d(8)?
-2753
Let t(l) = l**2 + 1458*l - 851223. Give t(447).
312
Let k(s) = 345486*s + 12782982. Determine k(-37).
0
Let f(a) = 8319*a + 116335. What is f(-14)?
-131
Let a(p) = 3*p**3 + 3*p**2 + 211*p + 659. Calculate a(-3).
-28
Let k(c) = 5*c**3 - 90*c**2 + 56*c + 181. Give k(17).
-312
Let k(j) = -69055*j - 2002596. Give k(-29).
-1
Let x(g) = -g**3 + 994*g**2 - 11782*g - 25. Calculate x(12).
-1
Let n(k) = -11*k**3 - 141*k**2 + 191*k + 83. Give n(-14).
-43
Let k(j) = -944*j**3 - 1889*j**2 + 36*j + 78. Give k(-2).
2
Let s(j) = 32*j - 608. What is s(10)?
-288
Let g(k) = -62*k**2 + 544*k + 51. Determine g(9).
-75
Let a(g) = 10*g**3 - 62*g**2 + 53*g - 1. Determine a(7).
762
Let y(c) = -2411*c + 22016. What is y(9)?
317
Let w(p) = -106853*p + 4594735. Give w(43).
56
Let u(c) = -c**3 - 36*c**2 - 27*c - 642. Give u(-36).
330
Let y(d) = d**3 + 99*d**2 - 1249*d - 114904. Determine y(-100).
-4
Let u(t) = -192*t - 2014. Determine u(-12).
290
Let x(j) = -3*j**2 + 2686*j + 68077. What is x(920)?
-3
Let h(x) = 19*x**3 + 496*x**2 + 567*x + 13383. Calculate h(-26).
-7
Let t(a) = 204*a + 7412. Give t(-37).
-136
Let q(i) = 129*i + 6381. What is q(-50)?
-69
Let b(j) = 61*j + 2439. Give b(-42).
-123
Let k(r) = 1466*r - 475027. Calculate k(324).
-43
Let x(n) = n**2 - 183*n - 3865. What is x(-21)?
419
Let b(w) = 1675*w + 53605. What is b(-32)?
5
Let t(b) = -b**3 + 585*b**2 - 4169*b + 71092. Determine t(578).
-2
Let l(d) = d**3 - 10866*d**2 + 173602*d - 21. Give l(16).
11
Let q(d) = -10940*d - 153121. Determine q(-14).
39
Let u(g) = 86473*g + 691738. Calculate u(-8).
-46
Let p(l) = -10*l**3 - 10*l**2 - 17*l - 38. What is p(6)?
-2660
Let j(k) = k**3 + 327*k**2 - 1089*k - 32431. Calculate j(-330).
239
Let o(g) = -g**3 - 289*g**2 - 13382*g + 3732. Give o(-231).
36
Let x(v) = -2488*v - 15052. Give x(-6).
-124
Let l(y) = -y**3 + 111*y**2 - 1634*y + 36. What is l(17)?
-576
Let d(v) = 4654*v + 758616. Calculate d(-163).
14
Let g(u) = -9201*u + 29312. What is g(3)?
1709
Let a(f) = -f**2 - 2441*f - 207086. Give a(-88).
-22
Let y(n) = 103*n**3 + 1953*n**2 - 46*n + 581. What is y(-19)?
11
Let r(v) = -v**3 - 135*v**2 - 2585*v - 72. Determine r(-112).
936
Let j(a) = -3*a**2 - 505*a - 10294. Calculate j(-142).
924
Let z(j) = j**3 - 30*j**2 + 235*j - 2752. Calculate z(25).
-2
Let k(r) = 33966*r - 4. What is k(0)?
-4
Let d(c) = -411*c**3 + 9857*c**2 + 162*c + 158. Calculate d(24).
14
Let r(f) = 260*f**2 + 2215*f + 2217. What is r(-1)?
262
Let g(y) = 8*y**2 - 295*y - 13898. Give g(64).
-10
Let s(q) = 12*q**3 - 2377*q**2 + 11609*q - 125. What is s(5)?
-5
Let m(b) = 170*b**2 - 34*b - 79. Calculate m(-3).
1553
Let h(v) = -2002*v - 2016012. What is h(-1007)?
2
Let h(b) = -2447*b - 30. Calculate h(0).
-30
Let h(b) = 908*b**2 - 1778*b + 7. Give h(2).
83
Let c(q) = 7114*q + 192088. What is c(-27)?
10
Let x(y) = y**3 - 6*y**2 + 245*y - 2096. Calculate x(8).
-8
Let r(s) = -s**3 + 15*s**2 + 483*s - 7101. Give r(15).
144
Let x(w) = w**2 + 1228*w - 66843. What is x(52)?
-283
Let r(z) = -169*z**2 - 1815*z + 486. Calculate r(-11).
2
Let f(u) = -3758*u + 1195039. Give f(318).
-5
Let c(f) = f**2 + 112473*f - 112471. Determine c(1).
3
Let g(r) = 9937*r + 9936. What is g(-1)?
-1
Let h(c) = -c**3 + 107*c**2 - 1013*c - 11970. What is h(95)?
95
Let v(g) = -g**2 + 76971*g - 78. What is v(0)?
-78
Let v(a) = -a**3 - 3*a**2 + 592*a - 101. Give v(23).
-239
Let a(x) = 465*x + 8361. Det